(t) = 23*t + 4. What is the tens digit of z(r)?
8
Suppose 3*h = 5*v + 2960, 3*h = -v + 6*h - 580. Let k = v - -873. What is the units digit of k?
8
Let y(b) = 112*b - 102. Let f be y(8). Let d = f - 319. What is the tens digit of d?
7
What is the hundreds digit of -48*5/(-20) + 441*14?
1
What is the ten thousands digit of 18/(-45) - (2 + 5)*108678/(-15)?
5
Let u = -1411 + 2253. What is the tens digit of u?
4
Suppose 53*m - 757657 + 139677 = 0. What is the units digit of m?
0
Let p(t) = -1225*t - 2171. What is the hundreds digit of p(-8)?
6
Let p(b) = b**2 - 14*b - 33. Let i be p(13). Let z = i + -405. Let c = z + 700. What is the units digit of c?
9
Let z(j) = 307*j + 721. What is the hundreds digit of z(18)?
2
Suppose -20922*i + 20934*i - 18588 = 0. What is the tens digit of i?
4
Let c = 1042 + 4381. Suppose c = 9*p - 5620. What is the thousands digit of p?
1
Suppose -22*v - 44*v = 19*v - 877540. What is the tens digit of v?
2
Let k(d) = -17 - 11 - 113*d + 6 - 4 - 13. What is the hundreds digit of k(-12)?
3
Let n(r) = 1336*r**2 + 270*r + 1087. What is the tens digit of n(-4)?
8
Let q be 4/(-6) + 220/33. What is the units digit of (-10)/q*60/(-4)?
5
Let q(l) = -l**2 + 3. Let p be q(0). Let u(m) = p + m**2 + 5*m + 0 + 2*m**2. What is the units digit of u(-3)?
5
Let k(w) = -w**3 - 8*w**2 - 4*w + 8. Let s be k(-8). Let i = s + 0. Let x = i - 17. What is the tens digit of x?
2
Let x be 2/((-8)/128*4). Let d(n) = 12*n**2 - 2*n + 28. What is the units digit of d(x)?
2
Suppose z = -3*k + 5, 2*k + z + 2 - 5 = 0. Let t be k/(-16)*-2 + 118/8. Suppose -t*m + 10*m = -615. What is the units digit of m?
3
Suppose 0 = -3*u + 30 - 0. What is the units digit of 270 + 5 + 30/u?
8
Suppose -5*r = -4*f - 141, -f = 3*r + 2*f - 90. Suppose -5*b - 4 = -r. Suppose -b*n + 9 - 1 = 3*q, -4*n = -5*q - 36. What is the units digit of n?
4
Let q(k) = k**2 + 10*k + 11. Let o be q(-9). Suppose 0 = -o*x - 28 + 58. What is the tens digit of (-968)/(-6) + (-5)/x?
6
Suppose -2*p = -5*n + 2*p + 31690, -2*n + 12689 = p. What is the units digit of n?
2
Let v(k) = 2*k**2 + 23*k + 25. Let n be v(-16). Suppose -5*x - n = -3*u + 243, 5*u - 3*x = 692. What is the tens digit of u?
3
Let u(z) = -7 - 3*z - 9 + z**3 - z**2 - 6*z**2 - 4*z**2. Let a be u(12). Suppose 8*k - a = 252. What is the units digit of k?
3
Let s(k) be the first derivative of -k**3/3 + 3*k**2 + 5. Let f be s(4). What is the tens digit of ((-84)/9)/(f/(-12))?
1
Let a = 761 - 757. Suppose -32 + 809 = w - 4*j, -a*w + 5*j + 3064 = 0. What is the tens digit of w?
6
Suppose 0 = 5*f, -98303 = -3*i - 5*f + 60901. What is the ten thousands digit of i?
5
Suppose -5*v + 100 = -m, 4*v + m - 88 = -8. Suppose 0 = 15*l - v*l + 880. What is the tens digit of l?
7
Suppose 5*x - 31*v = -29*v + 2181, 3*x - 2*v = 1307. What is the units digit of x?
7
Let l(k) = 123*k**2 - 13*k - 154. What is the thousands digit of l(-11)?
4
Let k = 82 + 471. Let v = k - 156. What is the tens digit of v?
9
Let w(g) be the first derivative of -g**4/4 + 8*g**3/3 + 7*g**2/2 + 24. What is the tens digit of w(7)?
9
Let b(i) = i + 7. Let u be 6*-1 + 1 + -2. Let q be b(u). Suppose 4*l - 168 = -q*k - 4*k, -3*k + 32 = l. What is the tens digit of l?
4
Let f = 1652 - 926. Let g = f - 381. What is the tens digit of g?
4
Let k(n) = 3*n**3 - 169*n**2 - 60*n - 167. What is the ten thousands digit of k(58)?
1
Suppose 105 = 2*k - 2*c - 1403, -5*c + 3810 = 5*k. What is the hundreds digit of k?
7
Let p = 37251 - 209. What is the units digit of p?
2
Suppose 5*a + 4*j - 111173 = 0, 0 = 4*a - 3*j - 85258 - 3637. What is the thousands digit of a?
2
Suppose f + 4*t - 5*t = 15229, 6*f + 3*t - 91320 = 0. What is the units digit of f?
3
Let d be 138/(-16 - -9 - -8). Suppose d*u = 130*u + 12200. What is the units digit of u?
5
Let f be (18 + 0)/(85/15 - 5). Let x = -30 + f. What is the units digit of 1100/16 - x/12?
9
Suppose 5*b + 3*z = 9, 0*b - 5*z - 25 = -5*b. Let p(r) = r**2 - r - 1054. Let j be p(-32). What is the units digit of 296/j*3*b/18?
4
Let y(o) = -2*o - 11. Let a(q) = -q**3 + 5*q + 4. Let k be a(3). Let r be y(k). Suppose -g + 3*b + 117 = 8*b, -3*b - 473 = -r*g. What is the units digit of g?
7
Suppose 0 = -3*r + 10 + 5, j - 2*r - 106 = 0. Suppose 1676 = -j*l + 120*l. What is the units digit of l?
9
Suppose -4*s - 9 = -29. Let q be ((-6)/5)/(385/(-75) + s). Suppose q*m - 102 = 429. What is the tens digit of m?
5
Suppose -7*y + y = -2226. Suppose 0 = -5*n - 3*b - 2641, y = -n + 4*b - 171. What is the tens digit of n/(-7) - 11/(385/(-10))?
7
Suppose 16 - 8 = 8*u. Let c(i) = -42*i + 3. Let t be c(u). Let f = t - -247. What is the units digit of f?
8
Let z = -31310 - -43830. What is the hundreds digit of z?
5
Suppose 4*y - 64032 - 58831 = 5*i, 5*y + 3*i - 153514 = 0. What is the units digit of y?
7
Let p be 22/(-9) + 108/243. What is the hundreds digit of p/3 - 65/(-45)*123?
1
Let y(q) = 103*q - 5. Let d be (0 - 4)*(-3)/(-4) + 1. Let i be y(d). Let c = i - -372. What is the hundreds digit of c?
1
Suppose -3 - 13 = -2*p + 2*t, 2*p = -2*t - 4. Suppose -1204 = -p*x - x. Suppose -83 = -4*h + x. What is the units digit of h?
6
Let q(g) = 3*g**3 + 26*g**2 + 24*g + 9. Let r be q(-11). Let o = -260 - r. What is the hundreds digit of o?
8
Suppose -244 = -7*u + 876. Let j = u + 68. What is the units digit of j?
8
Suppose 17*d = 15*d. Suppose d = -27*g + 30*g - 933. What is the tens digit of g?
1
Suppose p - 7420 = 6*p. Let h be p/(-10) - (24/10 - 2). Suppose b - 4*f = 163, 0*b - f = b - h. What is the hundreds digit of b?
1
Let i(n) = 1177*n - 2354. What is the thousands digit of i(4)?
2
Let n be (-3 - -105)*2*1/(-2). What is the units digit of (-2227)/n - (-2)/12?
2
Let y = -100 + 83. What is the units digit of (25 + -26)*y*17?
9
Suppose -5*f + 5 = 5*n, 2*f - 7 = 5*n + f. What is the hundreds digit of (-414)/n + (-63 - -65)?
4
Let k = -127 - -163. Suppose -186 = -6*a + k. What is the units digit of a?
7
Let y(a) be the first derivative of -1/4*a**4 - 9*a**2 - 5 + 4*a**3 + 5*a. What is the units digit of y(9)?
6
Let l(y) = -16*y - 66. Let u(b) = -14*b + 16. Let x be u(3). What is the units digit of l(x)?
0
Let i be (6 + 4 + -9)*(-1 + 6). Suppose -5 = i*w - 5. Suppose w = 8*l - 13*l + 915. What is the units digit of l?
3
Let o(u) = -4321*u**3 - 2*u**2 - 36*u - 35. What is the units digit of o(-1)?
0
Let s be (-244)/6*(-12)/(-32)*28. Suppose -6*y + y = 3280. Let b = s - y. What is the hundreds digit of b?
2
Let f = -3105 - -7158. What is the hundreds digit of f?
0
Suppose 33*x = 30*x + 4*t + 15973, -x = -4*t - 5343. What is the units digit of x?
5
Suppose -20*p = -18*p + 1490. Let s = -506 - p. What is the hundreds digit of s?
2
Let c = 22 + 207. Suppose -234*k + 15 = -c*k. What is the units digit of (-1328)/(-12)*k/2?
6
Let q be 34/(-8) + 4 + 39/12. Let y be ((-50)/(-15))/(2/q). What is the hundreds digit of -3*1 + 131 + (5 - y)?
1
Suppose 29*o + v = 30*o - 421, -3*o + v = -1263. Let g(w) = -w**2 - 6*w - 5. Let c be g(-5). Suppose -5*h + o + 179 = c. What is the tens digit of h?
2
Let i be 4/(-18) + 2/9. Suppose r + 2349 = 10*r. Suppose i = x - d - 65, -d = -4*x + 4*d + r. What is the units digit of x?
4
Suppose -82*g = -9*g - 64532. What is the tens digit of g?
8
Suppose -17671560 - 2434040 = -610*b. What is the ten thousands digit of b?
3
Suppose i + 2*i = 5*t - 375, 5*i = -5*t + 415. Suppose 77*m + 6 = t*m. What is the units digit of m?
6
Let x(q) = 92*q**2 - 80*q - 1340. What is the ten thousands digit of x(-15)?
2
Suppose -3*g + 853 + 1007 = 0. Let s be (5 + g/(-15))*-6. Suppose -31*w = -30*w - s. What is the tens digit of w?
1
Let v = -29136 - -33914. What is the thousands digit of v?
4
Suppose 0 = l - 4*b + 110, 4*b - 2*b + 2 = 0. Let m = 227 + l. Suppose 8*n - 4*n - 238 = -2*y, m = 2*n - 5*y. What is the tens digit of n?
5
Suppose -25 = -0*r - 5*r. Suppose 0 = -3*g - r*y - 19, -g + 29 - 7 = -4*y. Suppose 2*p = 3*m - 232, g*p - 33 = -4*m + 295. What is the units digit of m?
0
Let t(w) = -3*w**3 - 16*w**2 - 5*w - 11. Let f be t(-5). Let h be 2/f - (-2)/11. Suppose 4*x + m - 85 - 153 = h, -5*x + 302 = -m. What is the units digit of x?
0
Suppose 0 = 2*k + 3*a - 53, -90 = 2*k - 5*k - a. Suppose -40 = 26*d - k*d. Let r(q) = q**3 - 7*q**2 - 2. What is the tens digit of r(d)?
6
Let 